{"id":19,"date":"2021-04-16T08:15:13","date_gmt":"2021-04-16T06:15:13","guid":{"rendered":"http:\/\/karmelitanskaunia.sk\/new\/?page_id=19"},"modified":"2021-05-26T09:42:26","modified_gmt":"2021-05-26T07:42:26","slug":"hora-karmel","status":"publish","type":"page","link":"https:\/\/karmelitanskaunia.sk\/new\/hora-karmel\/","title":{"rendered":"Hora Karmel"},"content":{"rendered":"\n<div class=\"wp-block-media-text alignwide is-stacked-on-mobile is-image-fill\"><figure class=\"wp-block-media-text__media\" style=\"background-image:url(http:\/\/karmelitanskaunia.sk\/new\/wp-content\/uploads\/2021\/04\/hora_karmel.jpg);background-position:50% 50%\"><img loading=\"lazy\" decoding=\"async\" width=\"250\" height=\"188\" src=\"http:\/\/karmelitanskaunia.sk\/new\/wp-content\/uploads\/2021\/04\/hora_karmel.jpg\" alt=\"\" class=\"wp-image-899 size-full\"\/><\/figure><div class=\"wp-block-media-text__content\">\n<p class=\"has-colibri-color-6-color has-text-color has-normal-font-size\">Karmelit\u00e1nska rodina m\u00e1 svoje korene v dos\u0165 \u010falekej minulosti a svoje meno m\u00e1 od p\u00f4vodn\u00e9ho miesta, hory Karmel v Izraeli. Je to jedin\u00fd reho\u013en\u00fd r\u00e1d, ktor\u00fd vznikol vo Sv\u00e4tej zemi, na hore proroka Eli\u00e1\u0161a a ktor\u00fd bol zasv\u00e4ten\u00fd Panne M\u00e1rii Karmelskej. Pr\u00e1ve tieto dve postavy \u2013 postava sv.Eli\u00e1\u0161a a Panny M\u00e1rie, boli po\u010diatkom povolania prv\u00fdch karmelit\u00e1nov. Prorok ich vedie k neust\u00e1lemu h\u013eadaniu Boha a k t\u00fa\u017ebe u\u010di\u0165 \u013eud\u00ed pozera\u0165 \u201ehore\u201c.<br>Od Panny M\u00e1rie preberaj\u00fa ochotu k na\u010d\u00favaniu ka\u017ed\u00e9ho Bo\u017eieho slova a hlbok\u00fa nazaretsk\u00fa spiritualitu, ich povolan\u00edm je kontempl\u00e1cia.<\/p>\n<\/div><\/div>\n\n\n\n<p><\/p>\n","protected":false},"excerpt":{"rendered":"<p>Karmelit\u00e1nska rodina m\u00e1 svoje korene v dos\u0165 \u010falekej minulosti a svoje meno m\u00e1 od p\u00f4vodn\u00e9ho miesta, hory Karmel v Izraeli. Je to jedin\u00fd reho\u013en\u00fd r\u00e1d, ktor\u00fd vznikol vo Sv\u00e4tej zemi, na hore proroka Eli\u00e1\u0161a a ktor\u00fd bol zasv\u00e4ten\u00fd Panne M\u00e1rii Karmelskej. Pr\u00e1ve tieto dve postavy \u2013 postava sv.Eli\u00e1\u0161a a Panny M\u00e1rie, boli po\u010diatkom povolania prv\u00fdch [&hellip;]<\/p>\n","protected":false},"author":1,"featured_media":5,"parent":0,"menu_order":0,"comment_status":"closed","ping_status":"closed","template":"","meta":{"footnotes":""},"class_list":["post-19","page","type-page","status-publish","has-post-thumbnail","hentry"],"_links":{"self":[{"href":"https:\/\/karmelitanskaunia.sk\/new\/wp-json\/wp\/v2\/pages\/19","targetHints":{"allow":["GET"]}}],"collection":[{"href":"https:\/\/karmelitanskaunia.sk\/new\/wp-json\/wp\/v2\/pages"}],"about":[{"href":"https:\/\/karmelitanskaunia.sk\/new\/wp-json\/wp\/v2\/types\/page"}],"author":[{"embeddable":true,"href":"https:\/\/karmelitanskaunia.sk\/new\/wp-json\/wp\/v2\/users\/1"}],"replies":[{"embeddable":true,"href":"https:\/\/karmelitanskaunia.sk\/new\/wp-json\/wp\/v2\/comments?post=19"}],"version-history":[{"count":3,"href":"https:\/\/karmelitanskaunia.sk\/new\/wp-json\/wp\/v2\/pages\/19\/revisions"}],"predecessor-version":[{"id":1251,"href":"https:\/\/karmelitanskaunia.sk\/new\/wp-json\/wp\/v2\/pages\/19\/revisions\/1251"}],"wp:featuredmedia":[{"embeddable":true,"href":"https:\/\/karmelitanskaunia.sk\/new\/wp-json\/wp\/v2\/media\/5"}],"wp:attachment":[{"href":"https:\/\/karmelitanskaunia.sk\/new\/wp-json\/wp\/v2\/media?parent=19"}],"curies":[{"name":"wp","href":"https:\/\/api.w.org\/{rel}","templated":true}]}}

<div class="wp-block-media-text alignwide is-stacked-on-mobile is-image-fill"><figure class="wp-block-media-text__media" style="background-image:url(http://karmelitanskaunia.sk/new/wp-content/uploads/2021/04/hora_karmel.jpg);background-position:50% 50%"><img loading="lazy" decoding="async" width="250" height="188" src="http://karmelitanskaunia.sk/new/wp-content/uploads/2021/04/hora_karmel.jpg" alt="" class="wp-image-899 size-full"/></figure><div class="wp-block-media-text__content">
<p class="has-colibri-color-6-color has-text-color has-normal-font-size">Karmelitánska rodina má svoje korene v dosť ďalekej minulosti a svoje meno má od pôvodného miesta, hory Karmel v Izraeli. Je to jediný rehoľný rád, ktorý vznikol vo Svätej zemi, na hore proroka Eliáša a ktorý bol zasvätený Panne Márii Karmelskej. Práve tieto dve postavy – postava sv.Eliáša a Panny Márie, boli počiatkom povolania prvých karmelitánov. Prorok ich vedie k neustálemu hľadaniu Boha a k túžbe učiť ľudí pozerať „hore“.<br>Od Panny Márie preberajú ochotu k načúvaniu každého Božieho slova a hlbokú nazaretskú spiritualitu, ich povolaním je kontemplácia.</p>
</div></div>



<p></p>

<p>Karmelitánska rodina má svoje korene v dosť ďalekej minulosti a svoje meno má od pôvodného miesta, hory Karmel v Izraeli. Je to jediný rehoľný rád, ktorý vznikol vo Svätej zemi, na hore proroka Eliáša a ktorý bol zasvätený Panne Márii Karmelskej. Práve tieto dve postavy – postava sv.Eliáša a Panny Márie, boli počiatkom povolania prvých [&hellip;]</p>
