{"id":1302,"date":"2021-06-11T07:14:19","date_gmt":"2021-06-11T05:14:19","guid":{"rendered":"https:\/\/karmelitanskaunia.sk\/new\/?page_id=1302"},"modified":"2021-06-11T07:14:19","modified_gmt":"2021-06-11T05:14:19","slug":"jedno-srdce-november-1959","status":"publish","type":"page","link":"https:\/\/karmelitanskaunia.sk\/new\/jedno-srdce-november-1959\/","title":{"rendered":"Jedno srdce (november 1959)"},"content":{"rendered":"\n<p class=\"has-colibri-color-6-color has-text-color\">Ten, s&nbsp;ktor\u00fdm m\u00e1\u0161, dc\u00e9rka, tvori\u0165 &nbsp;jedno srdce, je zaiste Je\u017ei\u0161. Ak \u0165a krst rob\u00ed Bo\u017eou dc\u00e9rou, zasv\u00e4tenie \u0165a rob\u00ed Kristovou nevestou.<\/p>\n\n\n\n<p class=\"has-colibri-color-6-color has-text-color\">&nbsp;&nbsp; Pr\u00e1ve t\u00e1to pe\u010da\u0165 milosti za\u010dala tajomn\u00fa a&nbsp;obdivuhodn\u00fa cestu ku Kristovmu srdcu.<\/p>\n\n\n\n<p class=\"has-colibri-color-6-color has-text-color\">&nbsp;&nbsp; Iste si nechcela by\u0165 len ak\u00fdmko\u013evek \u00fadom mystick\u00e9ho tela tvojho P\u00e1na: jeho nohou, ktor\u00e1 ne\u00fanavne kr\u00e1\u010da a&nbsp;h\u013ead\u00e1 du\u0161e; jeho rukou, ktor\u00e1 s&nbsp;dobrosrde\u010dnos\u0165ou chr\u00e1ni pred ka\u017edou biedou; jeho hlasom, ktor\u00fd vyslovuje len slov\u00e1 ve\u010dn\u00e9ho \u017eivota. Aj o&nbsp;toto si prosila, av\u0161ak &nbsp;nadov\u0161etko \u2013 daruj\u00fac sa \u00faplne jemu \u2013 si sa pevne rozhodla obetova\u0165 mu myse\u013e a&nbsp;srdce, a&nbsp;teda aby si bola \u201en\u00edm\u201c celou svojou bytos\u0165ou. S\u013e\u00fabila si mu vernos\u0165, ktor\u00e1 sa za\u010d\u00edna t\u00fdm, \u017ee vyl\u00fa\u010di v\u0161etko to, \u010do mu odporuje, pokra\u010duje tak, \u017ee sa vyh\u00fdba v\u0161etk\u00e9mu, \u010do nie je on s\u00e1m, a&nbsp;nadob\u00fada dokonalos\u0165 l\u00e1skypln\u00fdm h\u013eadan\u00edm toho, aby bola s&nbsp;n\u00edm skuto\u010dne jedno srdce, jedna myse\u013e, jedna v\u00f4\u013ea.<\/p>\n\n\n\n<p class=\"has-colibri-color-6-color has-text-color\">&nbsp;&nbsp; Tvoje zasv\u00e4tenie v&nbsp;sebe zah\u0155\u0148a neust\u00e1le \u201ezbohom\u201c ka\u017ed\u00e9mu stvoreniu a&nbsp;nevy\u010derpate\u013en\u00fa&nbsp; t\u00fa\u017ebu po dosiahnut\u00ed a&nbsp;z\u00edskan\u00ed Je\u017ei\u0161ovho srdca. M\u00f4\u017eeme to vyjadri\u0165 aj tak, \u017ee si sa rozhodla obr\u00e1ti\u0165 chrbtom v\u0161etk\u00fdm a&nbsp;zabudn\u00fa\u0165 aj na seba, d\u00edva\u0165 sa len na neho a&nbsp;poz\u00fdva\u0165 ho k&nbsp;sebe, a\u017e k\u00fdm \u0165a jeho bo\u017esk\u00e1 l\u00e1ska nedosiahne, neprenikne a&nbsp;\u00faplne \u0165a nez\u00edska. Lebo v\u0161etko je milos\u0165 a&nbsp;my sami nem\u00f4\u017eeme ani dosiahnu\u0165, ani z\u00edska\u0165, ani prenikn\u00fa\u0165 Je\u017ei\u0161ovo srdce, ako sk\u00f4r urobi\u0165 mu miesto a&nbsp;necha\u0165 na neho, aby n\u00e1s mohol dosiahnu\u0165, prenikn\u00fa\u0165 a&nbsp;z\u00edska\u0165. A&nbsp;on, ktor\u00fd \u0165a chce dosiahnu\u0165, vie ako to urobi\u0165, za predpokladu, \u017ee sa tvoje srdce zastav\u00ed a&nbsp;nebude uteka\u0165 za nejak\u00fdm stvoren\u00edm; takisto vie, ako \u0165a m\u00f4\u017ee prenikn\u00fa\u0165, len aby si sa ty pred n\u00edm neuzavrela; vie, ako \u0165a z\u00edska\u0165 pod podmienkou, \u017ee sa nech\u00e1\u0161 skuto\u010dne uchopi\u0165 a&nbsp;premeni\u0165.<\/p>\n\n\n\n<p class=\"has-colibri-color-6-color has-text-color\">&nbsp;&nbsp; By\u0165 s&nbsp;Je\u017ei\u0161om jedno srdce je pre teba prv\u00e9 a&nbsp;najposv\u00e4tnej\u0161ie \u00fasilie a&nbsp;ned\u00e1 sa uskuto\u010dni\u0165 jednoduchou t\u00fa\u017ebou alebo nejak\u00fdm dobr\u00fdm skutkom a&nbsp;u\u017e tob\u00f4\u017e nie nejak\u00fdmi \u0161pekul\u00e1ciami; sk\u00f4r systematickou a&nbsp;ve\u013ekodu\u0161nou ask\u00e9zou a\u017e k&nbsp;br\u00e1nam toho mystick\u00e9ho \u00fato\u010di\u0161\u0165a, ktor\u00e9 Je\u017ei\u0161ovo srdce nev\u00e1ha otvori\u0165 t\u00fdm du\u0161iam, ktor\u00fdm nech\u00fdba dobr\u00e1 v\u00f4\u013ea.<\/p>\n","protected":false},"excerpt":{"rendered":"<p>Ten, s&nbsp;ktor\u00fdm m\u00e1\u0161, dc\u00e9rka, tvori\u0165 &nbsp;jedno srdce, je zaiste Je\u017ei\u0161. Ak \u0165a krst rob\u00ed Bo\u017eou dc\u00e9rou, zasv\u00e4tenie \u0165a rob\u00ed Kristovou nevestou. &nbsp;&nbsp; Pr\u00e1ve t\u00e1to pe\u010da\u0165 milosti za\u010dala tajomn\u00fa a&nbsp;obdivuhodn\u00fa cestu ku Kristovmu srdcu. &nbsp;&nbsp; Iste si nechcela by\u0165 len ak\u00fdmko\u013evek \u00fadom mystick\u00e9ho tela tvojho P\u00e1na: jeho nohou, ktor\u00e1 ne\u00fanavne kr\u00e1\u010da a&nbsp;h\u013ead\u00e1 du\u0161e; jeho rukou, ktor\u00e1 [&hellip;]<\/p>\n","protected":false},"author":1,"featured_media":0,"parent":0,"menu_order":0,"comment_status":"closed","ping_status":"closed","template":"","meta":{"footnotes":""},"class_list":["post-1302","page","type-page","status-publish","hentry"],"_links":{"self":[{"href":"https:\/\/karmelitanskaunia.sk\/new\/wp-json\/wp\/v2\/pages\/1302","targetHints":{"allow":["GET"]}}],"collection":[{"href":"https:\/\/karmelitanskaunia.sk\/new\/wp-json\/wp\/v2\/pages"}],"about":[{"href":"https:\/\/karmelitanskaunia.sk\/new\/wp-json\/wp\/v2\/types\/page"}],"author":[{"embeddable":true,"href":"https:\/\/karmelitanskaunia.sk\/new\/wp-json\/wp\/v2\/users\/1"}],"replies":[{"embeddable":true,"href":"https:\/\/karmelitanskaunia.sk\/new\/wp-json\/wp\/v2\/comments?post=1302"}],"version-history":[{"count":1,"href":"https:\/\/karmelitanskaunia.sk\/new\/wp-json\/wp\/v2\/pages\/1302\/revisions"}],"predecessor-version":[{"id":1303,"href":"https:\/\/karmelitanskaunia.sk\/new\/wp-json\/wp\/v2\/pages\/1302\/revisions\/1303"}],"wp:attachment":[{"href":"https:\/\/karmelitanskaunia.sk\/new\/wp-json\/wp\/v2\/media?parent=1302"}],"curies":[{"name":"wp","href":"https:\/\/api.w.org\/{rel}","templated":true}]}}