{"id":1296,"date":"2021-06-11T07:09:46","date_gmt":"2021-06-11T05:09:46","guid":{"rendered":"https:\/\/karmelitanskaunia.sk\/new\/?page_id=1296"},"modified":"2021-06-11T07:15:57","modified_gmt":"2021-06-11T05:15:57","slug":"podla-ovocia-poznate-strom-oktober-1959","status":"publish","type":"page","link":"https:\/\/karmelitanskaunia.sk\/new\/podla-ovocia-poznate-strom-oktober-1959\/","title":{"rendered":"Pod\u013ea ovocia pozn\u00e1te strom (okt\u00f3ber 1959)"},"content":{"rendered":"\n<p class=\"has-colibri-color-6-color has-text-color\">&nbsp;&nbsp; Boh stvoril \u010dloveka a&nbsp;pozdvihol ho k&nbsp;nadprirodzen\u00e9mu \u017eivotu, aby bol v\u00fdlu\u010dne a&nbsp;bo\u017esky \u201ejeho\u201c: bol to diabol, ktor\u00fd ho od neho oddelil.<\/p>\n\n\n\n<p class=\"has-colibri-color-6-color has-text-color\">&nbsp;&nbsp; Boh stvoril rodinu a&nbsp;mal rados\u0165 z&nbsp;jej jednoty: \u201eboli dvaja v&nbsp;jednom tele\u201c; ale pri\u0161iel diabol a&nbsp;oddelil prv\u00fdch bratov hrozn\u00fdm pre\u010dinom a&nbsp;o&nbsp;kr\u00e1tky \u010das nato, d\u00f4sledkom previnenia, rozdelil aj man\u017eelsk\u00e9 l\u00f4\u017eko.<\/p>\n\n\n\n<p class=\"has-colibri-color-6-color has-text-color\">&nbsp;&nbsp; Boh chcel, aby \u013eud bol \u201ejeho\u201c, zjednoten\u00fd na ceste k&nbsp;Spasite\u013eovi; ale diabol stiahne so sebou t\u00fdch, ktor\u00ed sa kla\u0148aj\u00fa modl\u00e1m a&nbsp;z&nbsp;toho m\u00e1me n\u00e1rod rozdelen\u00fd a&nbsp;pohansk\u00fd. Prich\u00e1dza Je\u017ei\u0161 a&nbsp;vyz\u00fdva n\u00e1s, aby sme \u201eboli jedno\u201c, hovor\u00ed o&nbsp;jednom ov\u010dinci a&nbsp;o&nbsp;jednom pastierovi; ustanovuje presn\u00fa jednotu medzi n\u00e1ukou a&nbsp;hierarchiou: Cirkev bude teda nato\u013eko \u201ejeho\u201c, nako\u013eko bude \u201ejedna\u201c.<\/p>\n\n\n\n<p class=\"has-colibri-color-6-color has-text-color\">&nbsp;&nbsp; Je to diabol, ktor\u00fd sa sna\u017e\u00ed ju rozdeli\u0165, ktor\u00fd tvor\u00ed schizmy a&nbsp;sekty, ktor\u00fd pob\u00e1da \u010dloveka k&nbsp;tomu, aby zanechal dogmu vo\u013en\u00fdm v\u00fdkladom Sv\u00e4t\u00e9ho p\u00edsma a&nbsp;urobil zo seba apo\u0161tola nielen politick\u00e9ho, ale aj n\u00e1bo\u017eensk\u00e9ho liberalizmu, ktor\u00fd je rozvracan\u00edm jednoty Cirkvi a&nbsp;duchom rozdelenia.<\/p>\n\n\n\n<p class=\"has-colibri-color-6-color has-text-color\">&nbsp;&nbsp; Luther, Henrich VIII., Kalv\u00edn&#8230;kri\u010dia: \u201eRozde\u013ete ich!\u201c tam, kde odd\u00e1vna sv\u00e4t\u00fd Benedikt a&nbsp;Scholastika zjednotili mn\u00edchov a&nbsp;panny do jedinej modlitby;&nbsp; Franti\u0161ek a&nbsp;Kl\u00e1ra, Kristovi chudobn\u00ed,&nbsp; k&nbsp;jedn\u00e9mu stolu; Dominik a&nbsp;Katar\u00edna, obrancovia Cirkvi, k&nbsp;jedn\u00e9mu hlasu; Ign\u00e1c a&nbsp;Ter\u00e9zia, apo\u0161toli a&nbsp;kontemplat\u00edvni, do jednej l\u00e1sky.<\/p>\n\n\n\n<p class=\"has-colibri-color-6-color has-text-color\">&nbsp;&nbsp; Je\u017ei\u0161 svojimi rozprestret\u00fdmi ramenami na kr\u00ed\u017ei neprest\u00e1va prostredn\u00edctvom svojich sv\u00e4t\u00fdch poz\u00fdva\u0165 \u013eud\u00ed k&nbsp;jednote viery a&nbsp;l\u00e1sky; podobne aj diabol sa skrze svojich pr\u00edvr\u017eencov neunav\u00ed \u0161\u00edri\u0165 ducha rozvratu, protestu a&nbsp;rozdelenia.<\/p>\n\n\n\n<p class=\"has-colibri-color-6-color has-text-color\">&nbsp;&nbsp; Strom pozn\u00e1te pod\u013ea ovocia.<\/p>\n\n\n\n<p class=\"has-colibri-color-6-color has-text-color\">&nbsp;&nbsp; Pokia\u013e v&nbsp;na\u0161ej mysli a&nbsp;v&nbsp;na\u0161om srdci bude duch jednoty a&nbsp;ka\u017ed\u00fd urob\u00ed s&nbsp;pokorou a&nbsp;s&nbsp;l\u00e1skou to najlep\u0161ie, aby ostal zjednoten\u00fd so z\u00e1kladn\u00fdmi ustanoveniami ako so z\u00e1konmi Cirkvi, so svojimi predstaven\u00fdmi ako s&nbsp;predstavite\u013emi Krista, so svojim in\u0161tit\u00fatom ako so svojou rodinou a&nbsp;so svoj\u00edm rajom, budeme v&nbsp;tom m\u00f4c\u0165 \u013eahko spozna\u0165 posv\u00e4cuj\u00faci \u00fa\u010dinok milosti, ktor\u00e1 napln\u00ed mnoh\u00e9 na\u0161e nedostatky, odpust\u00ed mnoh\u00e9 na\u0161e hriechy a&nbsp;spoj\u00ed n\u00e1s do jednej l\u00e1sky.<\/p>\n\n\n\n<p class=\"has-colibri-color-6-color has-text-color\">Ale keby vyr\u00e1stol odpor k&nbsp;discipl\u00edne, nezn\u00e1\u0161anlivos\u0165 vo\u010di z\u00e1konu, netolerantnos\u0165 k&nbsp;predstaven\u00fdm, nie je prehnan\u00e9 myslie\u0165 si, \u017ee je to dielo nepriate\u013ea. A&nbsp;teda je st\u00e1le potrebn\u00e9 bedli\u0165 a&nbsp;modli\u0165 sa, posil\u0148ova\u0165 sa a&nbsp;by\u0165 disciplinovan\u00ed, aby sme neupadli do poku\u0161enia. A&nbsp;ke\u010f je to potrebn\u00e9, kona\u0165 s&nbsp;ve\u013ekou rozhodnos\u0165ou, ako to rob\u00ed orez\u00e1va\u010d stromov so such\u00fdmi alebo chor\u00fdmi kon\u00e1rmi, ak to u\u017e pred n\u00edm neurobil \u010das alebo r\u00f4zne b\u00farky, ktor\u00e9 ich pol\u00e1mu a&nbsp;roznes\u00fa po okol\u00ed.<\/p>\n\n\n\n<p class=\"has-colibri-color-6-color has-text-color\">&nbsp; &nbsp;Ten, kto zjednocuje, je Boh a&nbsp;jeho l\u00e1ska; len diabol rozde\u013euje.<\/p>\n\n\n\n<p class=\"has-colibri-color-6-color has-text-color\">&nbsp;&nbsp; Bu\u010fte teda jedno srdce!<\/p>\n","protected":false},"excerpt":{"rendered":"<p>&nbsp;&nbsp; Boh stvoril \u010dloveka a&nbsp;pozdvihol ho k&nbsp;nadprirodzen\u00e9mu \u017eivotu, aby bol v\u00fdlu\u010dne a&nbsp;bo\u017esky \u201ejeho\u201c: bol to diabol, ktor\u00fd ho od neho oddelil. &nbsp;&nbsp; Boh stvoril rodinu a&nbsp;mal rados\u0165 z&nbsp;jej jednoty: \u201eboli dvaja v&nbsp;jednom tele\u201c; ale pri\u0161iel diabol a&nbsp;oddelil prv\u00fdch bratov hrozn\u00fdm pre\u010dinom a&nbsp;o&nbsp;kr\u00e1tky \u010das nato, d\u00f4sledkom previnenia, rozdelil aj man\u017eelsk\u00e9 l\u00f4\u017eko. &nbsp;&nbsp; Boh chcel, aby \u013eud [&hellip;]<\/p>\n","protected":false},"author":1,"featured_media":0,"parent":0,"menu_order":0,"comment_status":"closed","ping_status":"closed","template":"","meta":{"footnotes":""},"class_list":["post-1296","page","type-page","status-publish","hentry"],"_links":{"self":[{"href":"https:\/\/karmelitanskaunia.sk\/new\/wp-json\/wp\/v2\/pages\/1296","targetHints":{"allow":["GET"]}}],"collection":[{"href":"https:\/\/karmelitanskaunia.sk\/new\/wp-json\/wp\/v2\/pages"}],"about":[{"href":"https:\/\/karmelitanskaunia.sk\/new\/wp-json\/wp\/v2\/types\/page"}],"author":[{"embeddable":true,"href":"https:\/\/karmelitanskaunia.sk\/new\/wp-json\/wp\/v2\/users\/1"}],"replies":[{"embeddable":true,"href":"https:\/\/karmelitanskaunia.sk\/new\/wp-json\/wp\/v2\/comments?post=1296"}],"version-history":[{"count":2,"href":"https:\/\/karmelitanskaunia.sk\/new\/wp-json\/wp\/v2\/pages\/1296\/revisions"}],"predecessor-version":[{"id":1305,"href":"https:\/\/karmelitanskaunia.sk\/new\/wp-json\/wp\/v2\/pages\/1296\/revisions\/1305"}],"wp:attachment":[{"href":"https:\/\/karmelitanskaunia.sk\/new\/wp-json\/wp\/v2\/media?parent=1296"}],"curies":[{"name":"wp","href":"https:\/\/api.w.org\/{rel}","templated":true}]}}

Podľa ovocia poznáte strom (október 1959)

<p class="has-colibri-color-6-color has-text-color">&nbsp;&nbsp; Boh stvoril človeka a&nbsp;pozdvihol ho k&nbsp;nadprirodzenému životu, aby bol výlučne a&nbsp;božsky „jeho“: bol to diabol, ktorý ho od neho oddelil.</p>



<p class="has-colibri-color-6-color has-text-color">&nbsp;&nbsp; Boh stvoril rodinu a&nbsp;mal radosť z&nbsp;jej jednoty: „boli dvaja v&nbsp;jednom tele“; ale prišiel diabol a&nbsp;oddelil prvých bratov hrozným prečinom a&nbsp;o&nbsp;krátky čas nato, dôsledkom previnenia, rozdelil aj manželské lôžko.</p>



<p class="has-colibri-color-6-color has-text-color">&nbsp;&nbsp; Boh chcel, aby ľud bol „jeho“, zjednotený na ceste k&nbsp;Spasiteľovi; ale diabol stiahne so sebou tých, ktorí sa klaňajú modlám a&nbsp;z&nbsp;toho máme národ rozdelený a&nbsp;pohanský. Prichádza Ježiš a&nbsp;vyzýva nás, aby sme „boli jedno“, hovorí o&nbsp;jednom ovčinci a&nbsp;o&nbsp;jednom pastierovi; ustanovuje presnú jednotu medzi náukou a&nbsp;hierarchiou: Cirkev bude teda natoľko „jeho“, nakoľko bude „jedna“.</p>



<p class="has-colibri-color-6-color has-text-color">&nbsp;&nbsp; Je to diabol, ktorý sa snaží ju rozdeliť, ktorý tvorí schizmy a&nbsp;sekty, ktorý pobáda človeka k&nbsp;tomu, aby zanechal dogmu voľným výkladom Svätého písma a&nbsp;urobil zo seba apoštola nielen politického, ale aj náboženského liberalizmu, ktorý je rozvracaním jednoty Cirkvi a&nbsp;duchom rozdelenia.</p>



<p class="has-colibri-color-6-color has-text-color">&nbsp;&nbsp; Luther, Henrich VIII., Kalvín&#8230;kričia: „Rozdeľte ich!“ tam, kde oddávna svätý Benedikt a&nbsp;Scholastika zjednotili mníchov a&nbsp;panny do jedinej modlitby;&nbsp; František a&nbsp;Klára, Kristovi chudobní,&nbsp; k&nbsp;jednému stolu; Dominik a&nbsp;Katarína, obrancovia Cirkvi, k&nbsp;jednému hlasu; Ignác a&nbsp;Terézia, apoštoli a&nbsp;kontemplatívni, do jednej lásky.</p>



<p class="has-colibri-color-6-color has-text-color">&nbsp;&nbsp; Ježiš svojimi rozprestretými ramenami na kríži neprestáva prostredníctvom svojich svätých pozývať ľudí k&nbsp;jednote viery a&nbsp;lásky; podobne aj diabol sa skrze svojich prívržencov neunaví šíriť ducha rozvratu, protestu a&nbsp;rozdelenia.</p>



<p class="has-colibri-color-6-color has-text-color">&nbsp;&nbsp; Strom poznáte podľa ovocia.</p>



<p class="has-colibri-color-6-color has-text-color">&nbsp;&nbsp; Pokiaľ v&nbsp;našej mysli a&nbsp;v&nbsp;našom srdci bude duch jednoty a&nbsp;každý urobí s&nbsp;pokorou a&nbsp;s&nbsp;láskou to najlepšie, aby ostal zjednotený so základnými ustanoveniami ako so zákonmi Cirkvi, so svojimi predstavenými ako s&nbsp;predstaviteľmi Krista, so svojim inštitútom ako so svojou rodinou a&nbsp;so svojím rajom, budeme v&nbsp;tom môcť ľahko spoznať posväcujúci účinok milosti, ktorá naplní mnohé naše nedostatky, odpustí mnohé naše hriechy a&nbsp;spojí nás do jednej lásky.</p>



<p class="has-colibri-color-6-color has-text-color">Ale keby vyrástol odpor k&nbsp;disciplíne, neznášanlivosť voči zákonu, netolerantnosť k&nbsp;predstaveným, nie je prehnané myslieť si, že je to dielo nepriateľa. A&nbsp;teda je stále potrebné bedliť a&nbsp;modliť sa, posilňovať sa a&nbsp;byť disciplinovaní, aby sme neupadli do pokušenia. A&nbsp;keď je to potrebné, konať s&nbsp;veľkou rozhodnosťou, ako to robí orezávač stromov so suchými alebo chorými konármi, ak to už pred ním neurobil čas alebo rôzne búrky, ktoré ich polámu a&nbsp;roznesú po okolí.</p>



<p class="has-colibri-color-6-color has-text-color">&nbsp; &nbsp;Ten, kto zjednocuje, je Boh a&nbsp;jeho láska; len diabol rozdeľuje.</p>



<p class="has-colibri-color-6-color has-text-color">&nbsp;&nbsp; Buďte teda jedno srdce!</p>

<p>&nbsp;&nbsp; Boh stvoril človeka a&nbsp;pozdvihol ho k&nbsp;nadprirodzenému životu, aby bol výlučne a&nbsp;božsky „jeho“: bol to diabol, ktorý ho od neho oddelil. &nbsp;&nbsp; Boh stvoril rodinu a&nbsp;mal radosť z&nbsp;jej jednoty: „boli dvaja v&nbsp;jednom tele“; ale prišiel diabol a&nbsp;oddelil prvých bratov hrozným prečinom a&nbsp;o&nbsp;krátky čas nato, dôsledkom previnenia, rozdelil aj manželské lôžko. &nbsp;&nbsp; Boh chcel, aby ľud [&hellip;]</p>
