{"id":1273,"date":"2021-05-26T10:20:25","date_gmt":"2021-05-26T08:20:25","guid":{"rendered":"https:\/\/karmelitanskaunia.sk\/new\/?page_id=1273"},"modified":"2021-05-26T10:20:25","modified_gmt":"2021-05-26T08:20:25","slug":"novena-ruzi-k-svatej-terezie-od-dietata-jezis","status":"publish","type":"page","link":"https:\/\/karmelitanskaunia.sk\/new\/novena-ruzi-k-svatej-terezie-od-dietata-jezis\/","title":{"rendered":"Nov\u00e9na ru\u017e\u00ed k sv\u00e4tej Ter\u00e9zie od Die\u0165a\u0165a Je\u017ei\u0161"},"content":{"rendered":"\n<p class=\"has-colibri-color-6-color has-text-color\">\u201eSvoj \u010das v&nbsp;nebi budem tr\u00e1vi\u0165 tak, \u017ee budem kona\u0165 dobro na zemi. Nech\u00e1m pada\u0165 d\u00e1\u017e\u010f ru\u017e\u00ed\u201c.<\/p>\n\n\n\n<p class=\"has-colibri-color-6-color has-text-color\">&nbsp;&nbsp; P\u00e1ter Putigan, S.J. za\u010dal 3.12. 1925 nov\u00e9nu k&nbsp;sv. Ter\u00e9zii od Die\u0165a\u0165a Je\u017ei\u0161, ktorou prosil o&nbsp;d\u00f4le\u017eit\u00fa milos\u0165. Aby vedel, \u010di je vypo\u010dut\u00fd, \u017eiadal znamenie. Prosil, aby dostal do daru ru\u017eu ako garanciu z\u00edskania milosti. Nikomu nepovedal o&nbsp;nov\u00e9ne, ktor\u00fa robil. Na tret\u00ed de\u0148 dostal \u017eiadan\u00fa ru\u017eu a&nbsp;z\u00edskal aj milos\u0165. Za\u010dal \u010fal\u0161iu nov\u00e9nu. Dostal \u010fal\u0161iu ru\u017eu a&nbsp;\u010fal\u0161iu milos\u0165. A&nbsp;tak sa rozhodol roz\u0161\u00edri\u0165 \u201ez\u00e1zra\u010dn\u00fa\u201c nov\u00e9nu, ktor\u00fa nazval nov\u00e9nou ru\u017e\u00ed.<br>Dnes sa t\u00e1to nov\u00e9na kon\u00e1 na celom svete&#8230;Je mo\u017en\u00e9 ju za\u010da\u0165 v&nbsp;ktor\u00fdko\u013evek de\u0148 mesiaca. Obvykle ju t\u00ed, ktor\u00ed si uctievaj\u00fa sv. Ter\u00e9ziu, robia od 9. do 17. v&nbsp;danom mesiaci.<\/p>\n\n\n\n<p class=\"has-colibri-color-6-color has-text-color\"><strong>&nbsp;&nbsp;&nbsp;&nbsp;&nbsp;&nbsp;&nbsp;&nbsp;&nbsp;&nbsp;&nbsp;&nbsp;&nbsp;&nbsp;&nbsp;&nbsp;&nbsp;&nbsp;&nbsp;&nbsp;&nbsp;&nbsp;&nbsp;&nbsp;&nbsp;&nbsp;&nbsp;&nbsp;&nbsp;&nbsp;&nbsp;&nbsp;&nbsp;&nbsp;&nbsp;&nbsp;&nbsp;&nbsp;&nbsp;&nbsp;&nbsp;&nbsp;&nbsp;&nbsp;&nbsp;&nbsp;&nbsp;&nbsp;&nbsp;&nbsp;&nbsp;&nbsp;&nbsp;&nbsp;&nbsp;&nbsp;&nbsp; MODLITBA NOV\u00c9NY<\/strong><\/p>\n\n\n\n<p class=\"has-colibri-color-6-color has-text-color\">&nbsp;&nbsp;&nbsp; Najsv\u00e4tej\u0161ia Trojica, Otec, Syn a&nbsp;Duch Sv\u00e4t\u00fd, \u010fakujem ti za v\u0161etky tvoje dary a&nbsp;milosti, ktor\u00fdmi si obohatil du\u0161u tvojej slu\u017eobn\u00ed\u010dky sv. Ter\u00e9zie od Die\u0165a\u0165a Je\u017ei\u0161 a&nbsp;od Sv\u00e4tej Tv\u00e1re, u\u010dite\u013eky Cirkvi, po\u010das jej dvadsiatich \u0161tyroch rokov, ktor\u00e9 str\u00e1vila na tejto zemi. Pre z\u00e1sluhy tejto tvojej slu\u017eobn\u00ed\u010dky, ude\u013e mi milos\u0165, o&nbsp;ktor\u00fa tak ve\u013emi pros\u00edm \/tu sa vyjadr\u00ed milos\u0165, ktor\u00fa chceme z\u00edska\u0165\/, ak je to v&nbsp;zhode s&nbsp;tvojou sv\u00e4tou v\u00f4\u013eou a&nbsp;pre dobro mojej du\u0161e.<br>Pom\u00f4\u017e mojej viere a&nbsp;mojej n\u00e1deji, \u00f3, sv. Ter\u00e9zia od Die\u0165a\u0165a Je\u017ei\u0161 a&nbsp;od Sv\u00e4tej Tv\u00e1re; uskuto\u010dni e\u0161te raz svoj pr\u00eds\u013eub, \u017ee bude\u0161 svoj \u010das v&nbsp;nebi tr\u00e1vi\u0165 konan\u00edm dobra na zemi a&nbsp;dovo\u013e, aby som dostal ru\u017eu ako znak milosti, o&nbsp;ktor\u00fa pros\u00edm.<\/p>\n\n\n\n<p class=\"has-colibri-color-6-color has-text-color\">Modl\u00ed sa 24-kr\u00e1t Sl\u00e1va Otcu&#8230;ako po\u010fakovanie Bohu za dary, ktor\u00e9 udelil Ter\u00e9zii po\u010das dvadsiatich \u0161tyroch rokov jej pozemsk\u00e9ho \u017eivota. Za ka\u017ed\u00fdm Sl\u00e1va Otcu&#8230; nasleduje invok\u00e1cia:<br>\u201eSv\u00e4t\u00e1 Ter\u00e9zia od Die\u0165a\u0165a Je\u017ei\u0161 a&nbsp;od Sv\u00e4tej Tv\u00e1re, oroduj za n\u00e1s!\u201c<\/p>\n\n\n\n<p class=\"has-colibri-color-6-color has-text-color\">\/Prame\u0148: <a href=\"http:\/\/www.ilcarmelo.it\/s.-teresa-di-ges-bambino\/novena-delle-rose-html\">www.ilcarmelo.it\/s.-teresa-di-ges-bambino\/novena-delle-rose-html<\/a><br>\u010casopis Messaggero di Ges\u00fa Bambino, settembre 2010, ottobre 2010, novembre 2010\/<\/p>\n\n\n\n<p class=\"has-colibri-color-6-color has-text-color\">Spracovan\u00e9: okt\u00f3ber 2010<\/p>\n","protected":false},"excerpt":{"rendered":"<p>\u201eSvoj \u010das v&nbsp;nebi budem tr\u00e1vi\u0165 tak, \u017ee budem kona\u0165 dobro na zemi. Nech\u00e1m pada\u0165 d\u00e1\u017e\u010f ru\u017e\u00ed\u201c. &nbsp;&nbsp; P\u00e1ter Putigan, S.J. za\u010dal 3.12. 1925 nov\u00e9nu k&nbsp;sv. Ter\u00e9zii od Die\u0165a\u0165a Je\u017ei\u0161, ktorou prosil o&nbsp;d\u00f4le\u017eit\u00fa milos\u0165. Aby vedel, \u010di je vypo\u010dut\u00fd, \u017eiadal znamenie. Prosil, aby dostal do daru ru\u017eu ako garanciu z\u00edskania milosti. Nikomu nepovedal o&nbsp;nov\u00e9ne, ktor\u00fa robil. [&hellip;]<\/p>\n","protected":false},"author":1,"featured_media":0,"parent":0,"menu_order":0,"comment_status":"closed","ping_status":"closed","template":"","meta":{"footnotes":""},"class_list":["post-1273","page","type-page","status-publish","hentry"],"_links":{"self":[{"href":"https:\/\/karmelitanskaunia.sk\/new\/wp-json\/wp\/v2\/pages\/1273","targetHints":{"allow":["GET"]}}],"collection":[{"href":"https:\/\/karmelitanskaunia.sk\/new\/wp-json\/wp\/v2\/pages"}],"about":[{"href":"https:\/\/karmelitanskaunia.sk\/new\/wp-json\/wp\/v2\/types\/page"}],"author":[{"embeddable":true,"href":"https:\/\/karmelitanskaunia.sk\/new\/wp-json\/wp\/v2\/users\/1"}],"replies":[{"embeddable":true,"href":"https:\/\/karmelitanskaunia.sk\/new\/wp-json\/wp\/v2\/comments?post=1273"}],"version-history":[{"count":1,"href":"https:\/\/karmelitanskaunia.sk\/new\/wp-json\/wp\/v2\/pages\/1273\/revisions"}],"predecessor-version":[{"id":1274,"href":"https:\/\/karmelitanskaunia.sk\/new\/wp-json\/wp\/v2\/pages\/1273\/revisions\/1274"}],"wp:attachment":[{"href":"https:\/\/karmelitanskaunia.sk\/new\/wp-json\/wp\/v2\/media?parent=1273"}],"curies":[{"name":"wp","href":"https:\/\/api.w.org\/{rel}","templated":true}]}}

Novéna ruží k svätej Terézie od Dieťaťa Ježiš

<p class="has-colibri-color-6-color has-text-color">„Svoj čas v&nbsp;nebi budem tráviť tak, že budem konať dobro na zemi. Nechám padať dážď ruží“.</p>



<p class="has-colibri-color-6-color has-text-color">&nbsp;&nbsp; Páter Putigan, S.J. začal 3.12. 1925 novénu k&nbsp;sv. Terézii od Dieťaťa Ježiš, ktorou prosil o&nbsp;dôležitú milosť. Aby vedel, či je vypočutý, žiadal znamenie. Prosil, aby dostal do daru ružu ako garanciu získania milosti. Nikomu nepovedal o&nbsp;novéne, ktorú robil. Na tretí deň dostal žiadanú ružu a&nbsp;získal aj milosť. Začal ďalšiu novénu. Dostal ďalšiu ružu a&nbsp;ďalšiu milosť. A&nbsp;tak sa rozhodol rozšíriť „zázračnú“ novénu, ktorú nazval novénou ruží.<br>Dnes sa táto novéna koná na celom svete&#8230;Je možné ju začať v&nbsp;ktorýkoľvek deň mesiaca. Obvykle ju tí, ktorí si uctievajú sv. Teréziu, robia od 9. do 17. v&nbsp;danom mesiaci.</p>



<p class="has-colibri-color-6-color has-text-color"><strong>&nbsp;&nbsp;&nbsp;&nbsp;&nbsp;&nbsp;&nbsp;&nbsp;&nbsp;&nbsp;&nbsp;&nbsp;&nbsp;&nbsp;&nbsp;&nbsp;&nbsp;&nbsp;&nbsp;&nbsp;&nbsp;&nbsp;&nbsp;&nbsp;&nbsp;&nbsp;&nbsp;&nbsp;&nbsp;&nbsp;&nbsp;&nbsp;&nbsp;&nbsp;&nbsp;&nbsp;&nbsp;&nbsp;&nbsp;&nbsp;&nbsp;&nbsp;&nbsp;&nbsp;&nbsp;&nbsp;&nbsp;&nbsp;&nbsp;&nbsp;&nbsp;&nbsp;&nbsp;&nbsp;&nbsp;&nbsp;&nbsp; MODLITBA NOVÉNY</strong></p>



<p class="has-colibri-color-6-color has-text-color">&nbsp;&nbsp;&nbsp; Najsvätejšia Trojica, Otec, Syn a&nbsp;Duch Svätý, ďakujem ti za všetky tvoje dary a&nbsp;milosti, ktorými si obohatil dušu tvojej služobníčky sv. Terézie od Dieťaťa Ježiš a&nbsp;od Svätej Tváre, učiteľky Cirkvi, počas jej dvadsiatich štyroch rokov, ktoré strávila na tejto zemi. Pre zásluhy tejto tvojej služobníčky, udeľ mi milosť, o&nbsp;ktorú tak veľmi prosím /tu sa vyjadrí milosť, ktorú chceme získať/, ak je to v&nbsp;zhode s&nbsp;tvojou svätou vôľou a&nbsp;pre dobro mojej duše.<br>Pomôž mojej viere a&nbsp;mojej nádeji, ó, sv. Terézia od Dieťaťa Ježiš a&nbsp;od Svätej Tváre; uskutočni ešte raz svoj prísľub, že budeš svoj čas v&nbsp;nebi tráviť konaním dobra na zemi a&nbsp;dovoľ, aby som dostal ružu ako znak milosti, o&nbsp;ktorú prosím.</p>



<p class="has-colibri-color-6-color has-text-color">Modlí sa 24-krát Sláva Otcu&#8230;ako poďakovanie Bohu za dary, ktoré udelil Terézii počas dvadsiatich štyroch rokov jej pozemského života. Za každým Sláva Otcu&#8230; nasleduje invokácia:<br>„Svätá Terézia od Dieťaťa Ježiš a&nbsp;od Svätej Tváre, oroduj za nás!“</p>



<p class="has-colibri-color-6-color has-text-color">/Prameň: <a href="http://www.ilcarmelo.it/s.-teresa-di-ges-bambino/novena-delle-rose-html">www.ilcarmelo.it/s.-teresa-di-ges-bambino/novena-delle-rose-html</a><br>Časopis Messaggero di Gesú Bambino, settembre 2010, ottobre 2010, novembre 2010/</p>



<p class="has-colibri-color-6-color has-text-color">Spracované: október 2010</p>

<p>„Svoj čas v&nbsp;nebi budem tráviť tak, že budem konať dobro na zemi. Nechám padať dážď ruží“. &nbsp;&nbsp; Páter Putigan, S.J. začal 3.12. 1925 novénu k&nbsp;sv. Terézii od Dieťaťa Ježiš, ktorou prosil o&nbsp;dôležitú milosť. Aby vedel, či je vypočutý, žiadal znamenie. Prosil, aby dostal do daru ružu ako garanciu získania milosti. Nikomu nepovedal o&nbsp;novéne, ktorú robil. [&hellip;]</p>
