{"id":1216,"date":"2021-04-26T16:51:51","date_gmt":"2021-04-26T14:51:51","guid":{"rendered":"http:\/\/karmelitanskaunia.sk\/new\/?page_id=1216"},"modified":"2021-04-26T16:51:51","modified_gmt":"2021-04-26T14:51:51","slug":"velka-bozia-spolupracovicka","status":"publish","type":"page","link":"https:\/\/karmelitanskaunia.sk\/new\/velka-bozia-spolupracovicka\/","title":{"rendered":"VE\u013dK\u00c1 BO\u017dIA SPOLUPRACOV\u00cd\u010cKA"},"content":{"rendered":"\n<p><strong>VE\u013dK\u00c1 BO\u017dIA SPOLUPRACOV\u00cd\u010cKA<\/strong><\/p>\n\n\n\n<p>M\u00e1j 1995<\/p>\n\n\n\n<p>&nbsp;Tento mesiac je zvl\u00e1\u0161tnym mesiacom, ktor\u00fd v&nbsp;srdciach preb\u00fadza mari\u00e1nsku \u00factu. \u00dactu, ktor\u00e1 je pr\u00edjemn\u00e1 aj z&nbsp;vonkaj\u0161ieho h\u013eadiska: po\u013en\u00e9 kvety, z\u00e1stupy det\u00ed, \u013eudov\u00e9 pobo\u017enosti&#8230; V\u0161etko toto s\u00fa veci, ktor\u00e9 s\u00fa mil\u00e9, ke\u010f ich sprev\u00e1dza aj srdce. Av\u0161ak chcel by som poveda\u0165, \u017ee na\u0161e sestry by sa nemali uspokoji\u0165 s&nbsp;t\u00fdm, \u010do m\u00f4\u017ee by\u0165 len pocitom, ktor\u00fd nesta\u010d\u00ed, ak nie je spojen\u00fd s&nbsp;hlbok\u00fdm presved\u010den\u00edm.<\/p>\n\n\n\n<p>&nbsp;&nbsp; \u010co sa t\u00fdka Panny M\u00e1rie, \u00facta a&nbsp;l\u00e1ska, ktor\u00fa jej prejavujeme, vych\u00e1dza aj z&nbsp;faktu, \u017ee ona \u00fa\u017easne spolupracovala na na\u0161ej sp\u00e1se. To, \u017ee k&nbsp;n\u00e1m Je\u017ei\u0161 pri\u0161iel, sa stalo preto, \u017ee mu to Panna M\u00e1ria dovolila svojou l\u00e1skou a&nbsp;boles\u0165ou. Bez toho \u00fapln\u00e9ho s\u00fahlasu Bohu, ktor\u00fd z&nbsp;nej urobil \u201ePannu bez po\u0161kvrny\u201c, \u201epokorn\u00fa slu\u017eobnicu\u201c a \u201ebolestn\u00fa Matku\u201c, nestala by sa \u201esl\u00e1vnou Bohorodi\u010dkou, kr\u00e1\u013eovnou neba a&nbsp;zeme\u201c.<\/p>\n\n\n\n<p>&nbsp; &nbsp;Panna&nbsp; M\u00e1ria je prv\u00e1, skuto\u010dn\u00e1, sv\u00e4t\u00e1, ve\u013ek\u00e1 bo\u017eia spolupracovn\u00ed\u010dka. A&nbsp;s&nbsp;\u0148ou, v&nbsp;jej jasn\u00fdch stop\u00e1ch nevinnosti a&nbsp;obety, mysl\u00edm na v\u00e1s, drah\u00e9 sestry, ktor\u00e9 t\u00fa\u017eite po tom, aby ste napodobnili jej pr\u00edklad \u010distoty a&nbsp;l\u00e1sky, odovzdania sa Bohu a&nbsp;slu\u017ebe Cirkvi, aby ste tak so zap\u00e1len\u00edm pre Bo\u017eiu v\u00f4\u013eu priniesli Je\u017ei\u0161a \u013eu\u010fom a&nbsp;\u013eud\u00ed k&nbsp;Je\u017ei\u0161ovi.<\/p>\n\n\n\n<p>&nbsp;&nbsp; T\u00e1to ve\u013ek\u00e1 m\u00e1jov\u00e1 zbo\u017enos\u0165 nech sa stane pre v\u00e1s \u201em\u00e1jom\u201c v\u00e1\u0161ho \u017eivota.<strong>Pozn\u00e1mka<\/strong>: Sestry UCT a\u017e do posledn\u00fdch kon\u0161tit\u00faci\u00ed v&nbsp;roku 1985 sa naz\u00fdvali Cooperatrici Carmelitane (Karmelit\u00e1nske spolupracovn\u00ed\u010dky).<\/p>\n","protected":false},"excerpt":{"rendered":"<p>VE\u013dK\u00c1 BO\u017dIA SPOLUPRACOV\u00cd\u010cKA M\u00e1j 1995 &nbsp;Tento mesiac je zvl\u00e1\u0161tnym mesiacom, ktor\u00fd v&nbsp;srdciach preb\u00fadza mari\u00e1nsku \u00factu. \u00dactu, ktor\u00e1 je pr\u00edjemn\u00e1 aj z&nbsp;vonkaj\u0161ieho h\u013eadiska: po\u013en\u00e9 kvety, z\u00e1stupy det\u00ed, \u013eudov\u00e9 pobo\u017enosti&#8230; V\u0161etko toto s\u00fa veci, ktor\u00e9 s\u00fa mil\u00e9, ke\u010f ich sprev\u00e1dza aj srdce. Av\u0161ak chcel by som poveda\u0165, \u017ee na\u0161e sestry by sa nemali uspokoji\u0165 s&nbsp;t\u00fdm, \u010do m\u00f4\u017ee [&hellip;]<\/p>\n","protected":false},"author":1,"featured_media":0,"parent":0,"menu_order":0,"comment_status":"closed","ping_status":"closed","template":"","meta":{"footnotes":""},"class_list":["post-1216","page","type-page","status-publish","hentry"],"_links":{"self":[{"href":"https:\/\/karmelitanskaunia.sk\/new\/wp-json\/wp\/v2\/pages\/1216","targetHints":{"allow":["GET"]}}],"collection":[{"href":"https:\/\/karmelitanskaunia.sk\/new\/wp-json\/wp\/v2\/pages"}],"about":[{"href":"https:\/\/karmelitanskaunia.sk\/new\/wp-json\/wp\/v2\/types\/page"}],"author":[{"embeddable":true,"href":"https:\/\/karmelitanskaunia.sk\/new\/wp-json\/wp\/v2\/users\/1"}],"replies":[{"embeddable":true,"href":"https:\/\/karmelitanskaunia.sk\/new\/wp-json\/wp\/v2\/comments?post=1216"}],"version-history":[{"count":1,"href":"https:\/\/karmelitanskaunia.sk\/new\/wp-json\/wp\/v2\/pages\/1216\/revisions"}],"predecessor-version":[{"id":1217,"href":"https:\/\/karmelitanskaunia.sk\/new\/wp-json\/wp\/v2\/pages\/1216\/revisions\/1217"}],"wp:attachment":[{"href":"https:\/\/karmelitanskaunia.sk\/new\/wp-json\/wp\/v2\/media?parent=1216"}],"curies":[{"name":"wp","href":"https:\/\/api.w.org\/{rel}","templated":true}]}}

VEĽKÁ BOŽIA SPOLUPRACOVÍČKA

<p><strong>VEĽKÁ BOŽIA SPOLUPRACOVÍČKA</strong></p>



<p>Máj 1995</p>



<p>&nbsp;Tento mesiac je zvláštnym mesiacom, ktorý v&nbsp;srdciach prebúdza mariánsku úctu. Úctu, ktorá je príjemná aj z&nbsp;vonkajšieho hľadiska: poľné kvety, zástupy detí, ľudové pobožnosti&#8230; Všetko toto sú veci, ktoré sú milé, keď ich sprevádza aj srdce. Avšak chcel by som povedať, že naše sestry by sa nemali uspokojiť s&nbsp;tým, čo môže byť len pocitom, ktorý nestačí, ak nie je spojený s&nbsp;hlbokým presvedčením.</p>



<p>&nbsp;&nbsp; Čo sa týka Panny Márie, úcta a&nbsp;láska, ktorú jej prejavujeme, vychádza aj z&nbsp;faktu, že ona úžasne spolupracovala na našej spáse. To, že k&nbsp;nám Ježiš prišiel, sa stalo preto, že mu to Panna Mária dovolila svojou láskou a&nbsp;bolesťou. Bez toho úplného súhlasu Bohu, ktorý z&nbsp;nej urobil „Pannu bez poškvrny“, „pokornú služobnicu“ a „bolestnú Matku“, nestala by sa „slávnou Bohorodičkou, kráľovnou neba a&nbsp;zeme“.</p>



<p>&nbsp; &nbsp;Panna&nbsp; Mária je prvá, skutočná, svätá, veľká božia spolupracovníčka. A&nbsp;s&nbsp;ňou, v&nbsp;jej jasných stopách nevinnosti a&nbsp;obety, myslím na vás, drahé sestry, ktoré túžite po tom, aby ste napodobnili jej príklad čistoty a&nbsp;lásky, odovzdania sa Bohu a&nbsp;službe Cirkvi, aby ste tak so zapálením pre Božiu vôľu priniesli Ježiša ľuďom a&nbsp;ľudí k&nbsp;Ježišovi.</p>



<p>&nbsp;&nbsp; Táto veľká májová zbožnosť nech sa stane pre vás „májom“ vášho života.<strong>Poznámka</strong>: Sestry UCT až do posledných konštitúcií v&nbsp;roku 1985 sa nazývali Cooperatrici Carmelitane (Karmelitánske spolupracovníčky).</p>

<p>VEĽKÁ BOŽIA SPOLUPRACOVÍČKA Máj 1995 &nbsp;Tento mesiac je zvláštnym mesiacom, ktorý v&nbsp;srdciach prebúdza mariánsku úctu. Úctu, ktorá je príjemná aj z&nbsp;vonkajšieho hľadiska: poľné kvety, zástupy detí, ľudové pobožnosti&#8230; Všetko toto sú veci, ktoré sú milé, keď ich sprevádza aj srdce. Avšak chcel by som povedať, že naše sestry by sa nemali uspokojiť s&nbsp;tým, čo môže [&hellip;]</p>
