{"id":1080,"date":"2021-04-26T13:00:16","date_gmt":"2021-04-26T11:00:16","guid":{"rendered":"http:\/\/karmelitanskaunia.sk\/new\/?page_id=1080"},"modified":"2021-04-26T13:00:16","modified_gmt":"2021-04-26T11:00:16","slug":"z-listov-patra-luigiho-zakladatela","status":"publish","type":"page","link":"https:\/\/karmelitanskaunia.sk\/new\/z-listov-patra-luigiho-zakladatela\/","title":{"rendered":"Z listov p\u00e1tra Luigiho &#8211; zakladate\u013ea"},"content":{"rendered":"\n<p class=\"has-normal-font-size\"><strong>In\u0161tit\u00fat \/3.12.1947<\/strong>\/<\/p>\n\n\n\n<p class=\"has-normal-font-size\">Prv, drah\u00e1 du\u0161a, ne\u017e tvoj poh\u013ead padne na pravidl\u00e1 obsiahnut\u00e9 v tejto kni\u017eo\u010dke \/jedn\u00e1 sa o kon\u0161tit\u00facie sekul\u00e1rneho in\u0161tit\u00fatu Karmelit\u00e1nsko-terezi\u00e1nskej \u00fanie\/, ktor\u00fa ti Cirkev odovzd\u00e1va a ktor\u00e1 sa m\u00e1 sta\u0165 z\u00e1konom tvojho \u017eivota, je dobr\u00e9, aby sa tvoje srdce stretlo so srdcom Karmelu, aby si po\u010d\u00favala jeho dych a pochopila jeho t\u00fa\u017eby.<br>Vid\u00ed\u0161, dc\u00e9rka, srdce Karmelu je ako zlat\u00e1 schr\u00e1nka Je\u017ei\u0161ovho Srdca, od ktor\u00e9ho jedin\u00e9ho dost\u00e1va \u017eivot, svetlo, teplo a pod\u013ea ktor\u00e9ho \u017eije. Odovzda\u0165 sa Karmelu znamen\u00e1 teda \u00eds\u0165 a zost\u00e1va\u0165 v bl\u00edzkosti Je\u017ei\u0161ovho Srdca, sta\u0165 sa jeho \u0161t\u00edtom a schr\u00e1nkou, \u017ei\u0165 v plnosti Je\u017ei\u0161ov\u00fdmi boles\u0165ami a rados\u0165ami. V Je\u017ei\u0161ovom Srdci je jedna ve\u013ek\u00e1 boles\u0165; boles\u0165, ktor\u00fa Karmel poklad\u00e1 za svoju a ktor\u00e1 ho tr\u00e1pi a z\u00e1rove\u0148 poh\u00fdna k ve\u013ekodu\u0161n\u00fdm ide\u00e1lom a vol\u00e1: \u201eL\u00e1ska nie je milovan\u00e1, L\u00e1ska nie je milovan\u00e1\u201c \/v\u00fdkrik pripisovan\u00fd sv. Franti\u0161kovi z Assisi\/.<br>A ako bude m\u00f4c\u0165 by\u0165 milovan\u00e1, ke\u010f je tak m\u00e1lo poznan\u00e1? A ako bude m\u00f4c\u0165 pozna\u0165, ak bud\u00fa ch\u00fdba\u0165 nositelia Bo\u017eieho slova, teda apo\u0161toli? Ak teda chce\u0161 patri\u0165 ku Karmelu, musia sa tieto bolesti sta\u0165 tvojimi, mus\u00ed\u0161 sa sna\u017ei\u0165 aj ty umen\u0161i\u0165 ich v Je\u017ei\u0161ovom Srdci, tak ako to Karmel v\u017edy robil, alebo sa sna\u017eil tak robi\u0165.<br>A teda sna\u017e sa o dve veci s rovnakou ve\u013ekodu\u0161nos\u0165ou. Prv\u00e1 je t\u00e1to: sta\u0165 sa \u201echv\u00e1lou sl\u00e1vy\u201c \/Ef 1,12 \u2013 v\u00fdraz sv. Pavla, ktor\u00fd rada pou\u017e\u00edvala blahoslaven\u00e1 Al\u017ebeta od Najsv.Trojice, karmelit\u00e1nka\/, smeruj\u00fac s ve\u013ekodu\u0161nos\u0165ou k \u010do najvy\u0161\u0161ej dokonalosti. Ak je pravda, \u017ee svet zneva\u017euje L\u00e1sku, aspo\u0148 ty sa sna\u017e pozna\u0165 ju do h\u013abky a podporuj v sebe dokonal\u00fa l\u00e1sku k Je\u017ei\u0161ovi. L\u00e1ska sa neodpl\u00e1ca inak ne\u017e l\u00e1skou.<br>Teda s odvahou k sv\u00e4tej Hore: nech nech\u00fdba b\u00e1ze\u0148, ale nie malichernos\u0165, ustr\u00e1chanos\u0165. Pam\u00e4taj, \u017ee sa m\u00e1\u0161 kloni\u0165 \u201enie k tomu, \u010do je \u013eah\u0161ie, ale k tomu, \u010do je \u0165a\u017e\u0161ie; nie k tomu, \u010do je pr\u00edjemn\u00e9, ale k tomu, \u010do je nepr\u00edjemn\u00e9; nie k odpo\u010dinku ale k n\u00e1mahe; nie k tomu, aby si nie\u010do chcel, ale aby si ni\u010d nechcel\u201c\/sv.J\u00e1n od Kr\u00ed\u017ea, V\u00fdstup na horu Karmel\/. Ak neprejde\u0161 cez toto \u201eni\u010d\u201c, nepr\u00edde\u0161 k tomu, \u010do je \u201ev\u0161etko\u201c; ak sa nezbav\u00ed\u0161 v\u0161etk\u00e9ho, nez\u00edska\u0161 v\u0161etko.<br>Na druhom mieste sa m\u00e1\u0161 sta\u0165 hostiou milou Bohu, nechaj\u00fac Je\u017ei\u0161ovi jeho k\u0148azsk\u00fa \u010das\u0165 a pre seba \u010das\u0165 obety. Obetuje\u0161 seba sam\u00fa milosrdnej L\u00e1ske Bo\u017eej aktom zasv\u00e4tenia sa bez v\u00fdhrad \u2013 \u010di u\u017e preto, aby si prosila P\u00e1na \u017eatvy, aby poslal nov\u00fdch robotn\u00edkov\/Mt 9,37\/, alebo aby si z\u00edskala pre t\u00fdch, ktor\u00ed s\u00fa N\u00edm povolan\u00ed, dar sv\u00e4tosti a vytrvalosti.<br>Tvoje modlitby, tvoje obety, tvoje schopnosti, dielo tvojich r\u00fak a v\u00f4bec v\u0161etko m\u00e1\u0161 da\u0165 ve\u013ekodu\u0161ne a s rados\u0165ou za povolania: reho\u013en\u00e9, k\u0148azsk\u00e9 a mision\u00e1rske.<br>Modli\u0165 sa, trpie\u0165, pracova\u0165 pre zasv\u00e4ten\u00fdch, a hlavne pre k\u0148azov, nech je t\u00fa\u017ebou ka\u017ed\u00e9ho \u00faderu tvojho srdca, ako je t\u00fa\u017ebou srdca Karmelu, preto\u017ee je to predov\u0161etk\u00fdm t\u00fa\u017eba Je\u017ei\u0161ovho Srdca.<br>Ako sv\u00e4t\u00e1 Matka Ter\u00e9zia od Je\u017ei\u0161a \/z Avily\/, ako mal\u00e1 roztomil\u00e1 sestra Ter\u00e9zia od Die\u0165a\u0165a Je\u017ei\u0161 \/z Lisieux\/, nebude\u0161 m\u00f4c\u0165, aj ke\u010f c\u00edti\u0161 \u017eiv\u00fa t\u00fa\u017ebu, sl\u00fa\u017ei\u0165 sv. om\u0161u, spoveda\u0165, k\u00e1za\u0165, by\u0165 apo\u0161tolom, u\u010dite\u013eom, mision\u00e1rom. Ale ako to u\u010dili t\u00edto ve\u013ek\u00ed sv\u00e4t\u00ed karmelit\u00e1ni a karmelit\u00e1nky, bude\u0161 m\u00f4c\u0165, ba bude\u0161 musie\u0165 \u201emilova\u0165 za bratov, ktor\u00ed bojuj\u00fa\u201c \/sv. Ter\u00e9zia od Die\u0165a\u0165a Je\u017ei\u0161 p\u00edsala svojmu duchovn\u00e9mu bratovi p\u00e1trovi Roullandovi: \u201esom tvoj\u00edm mal\u00fdm Moj\u017ei\u0161om a moje srdce je neprestajne obr\u00e1ten\u00e9 k nebu, aby som z\u00edskala v\u00ed\u0165azstvo&#8230;\u201c\/, milova\u0165 pre nich a pre nich sa nam\u00e1ha\u0165. To, \u010do zvrhl\u00edk v nen\u00e1visti k Bohu rob\u00ed proti k\u0148azovi, m\u00e1\u0161 kompenzova\u0165 svojou l\u00e1skou, svojou obetou, svojimi skutkami. Stane\u0161 sa tak matkou mnoh\u00fdch du\u0161\u00ed, sestrou mnoh\u00fdch s\u0155dc.<br>Bude\u0161 \u017ei\u0165 v tichu svojej obety; sn\u00e1\u010f nik na zemi si na teba nespomenie, ale tvoja l\u00e1ska vyst\u00fapi na olt\u00e1r, vst\u00fapi do spovedeln\u00edc, vyst\u00fapi na kazate\u013enice, prekro\u010d\u00ed oce\u00e1ny, aby dosiahla a\u017e k zastr\u010denej mision\u00e1rskej stanici, a\u017e k l\u00f4\u017eku malomocn\u00e9ho, a\u017e k srdcu \u00faboh\u00e9ho vydedenca spolo\u010dnosti.<br>Ak m\u00e1\u0161 toho v du\u0161i ve\u013ea, aby si to mohla uskuto\u010dni\u0165, t\u00e1to kni\u017eo\u010dka je tvoja a chod, \u201echv\u00e1la sl\u00e1vy\u201c, \u201esv\u00e4t\u00e1 hostia\u201c: Najvy\u0161\u0161\u00ed, K\u0148az \u0165a \u010dak\u00e1, aby sl\u00fa\u017eil v tichu tak milom pre Karmel, svoju a tvoju obetu.<\/p>\n\n\n\n<p class=\"has-normal-font-size\">\/p.Luigi dell\u00b4Immacolata,OCD: list \u010d. 2 z knihy \u201eAndate, fate,<br>non temete\u201c\/<\/p>\n\n\n\n<p class=\"has-normal-font-size\"><em><strong>Najdrah\u0161ie dc\u00e9rky v&nbsp;Kristovi<\/strong><\/em><strong>&nbsp; \/30.j\u00fan 1951\/<\/strong><\/p>\n\n\n\n<p class=\"has-normal-font-size\">&nbsp;&nbsp; E\u0161te m\u00e1m pri sebe ob\u00e1lku so v\u0161etk\u00fdmi listami alebo blahoprianiami, ktor\u00e9 mi dobr\u00e9 sestry poslali k&nbsp;sviatku sv. Alojza \/21.j\u00fan\/. Nezabudol som na ne a&nbsp;ak sa mi podar\u00ed n\u00e1js\u0165 trocha \u010dasu, bude to pre m\u0148a pr\u00edle\u017eitos\u0165ou nap\u00edsa\u0165 ka\u017edej nejak\u00fd riadok. Zatia\u013e aspo\u0148 nejak\u00fa my\u0161lienku pre v\u0161etky, ako aj, kone\u010dne, v\u0161etky ste predmetom jedin\u00e9ho citu v&nbsp;Kristovi.<br>A&nbsp;my\u0161lienka, ktor\u00fa v\u00e1m posielam, je z\u00e1rove\u0148 bratsk\u00fdm napomenut\u00edm: str\u00e1\u017ete si, sestry, svoje povolanie! C\u00edtim, \u017ee by bolo treba mnoho str\u00e1n, aby som v\u00e1m povedal v\u0161etko, \u010do tento v\u00fdraz obsahuje&#8230;Av\u0161ak sn\u00e1\u010f P\u00e1n pom\u00f4\u017ee mojej nedostao\u010dnosti a, s\u00fastreden\u00e9 v&nbsp;jeho Bo\u017eskej pr\u00edtomnosti pri medit\u00e1cii, budete prosi\u0165 P\u00e1na o&nbsp;svetlo. On v\u00e1s bude m\u00f4c\u0165 nau\u010di\u0165 v\u0161etko, \u010do ja neviem poveda\u0165&#8230;a \u010do, sn\u00e1\u010f, sa v\u00e1m neodv\u00e1\u017eim poveda\u0165.<br>\u010c\u00edm viac uva\u017eujem nad tajomstvom \u017eivota, t\u00fdm viac nach\u00e1dzam z\u00e1blesky neba. Boh netvor\u00ed&nbsp; \u010dloveka samotn\u00e9ho, lebo tak\u00fdto samotn\u00fd by bol rozdelen\u00fd. Cel\u00fd svet by sa stal v\u00fdmenn\u00fdm obchodom s&nbsp;obchodn\u00fdmi vz\u0165ahmi, so vz\u0165ahmi konven\u010dnosti, prospe\u0161nosti&#8230;ale nebol by tu popud k&nbsp;jednote prostredn\u00edctvom l\u00e1sky.<br>\u010clovek by mohol vl\u00e1dnu\u0165 nad svetom, organizova\u0165 ho, oddeli\u0165 ho od pr\u00edrody a&nbsp;vyu\u017ei\u0165 jeho mnoh\u00e9 tajomstv\u00e1, oslavova\u0165 ok\u00e1zalos\u0165 \u013eudsk\u00fdch dej\u00edn listami a&nbsp;dielami, ale ni\u010d viac. Boh vlo\u017eil do stvorenia podobnom jemu, a&nbsp;nie znetvorenom, \u0161peci\u00e1lne poslanie: l\u00e1sku. Poslanie spoji\u0165 sily \u010dloveka, riadiac ich k&nbsp;l\u00e1ske, nako\u013eko boli pre neporiadok uvo\u013enen\u00e9 a&nbsp;neusporiadan\u00e9.<br>Cesta k&nbsp;priepasti a&nbsp;cesta do neba je v\u017edy otvoren\u00e1 pre \u017eenu. Ale v\u00f4\u013ea Bo\u017eia, ktor\u00e1 triumfovala v&nbsp;M\u00e1rii n\u00e1m hovor\u00ed, \u017ee to bola cesta do neba, ktor\u00fa musela pre \u013eudstvo v\u017edy otvori\u0165 \u017eena. Cesta do priepasti i&nbsp;neporiadok je mimo Bo\u017eieho pl\u00e1nu; je uzurp\u00e1ciiou, je to z\u00e1sah. Boh chce, aby \u017eena bola cestou do neba. Ak \u017eena nebude pre bratov, pre synov, pre v\u0161etk\u00fdch, cestou do neba, bude kame\u0148om \u00farazu, bude prekliat\u00edm sveta!<br>So \u017eenou alebo svet povstane pre Je\u017ei\u0161a a&nbsp;s&nbsp;Je\u017ei\u0161om pre ve\u010dn\u00fd \u017eivot, pre \u017eivot ve\u010dnej l\u00e1sky, alebo sa prepadne v&nbsp;hriechu do nen\u00e1visti k&nbsp;Bohu. Dc\u00e9rky, bdejte nad svoj\u00edm povolan\u00edm! Boh v\u00e1s povol\u00e1va zve\u010dni\u0165 vo svete M\u00e1riino poslanie. Povol\u00e1va v\u00e1s, aby ste boli tak\u00e9, ak\u00e9 v\u00e1s predv\u00eddal vo svojom Bo\u017eskom pl\u00e1ne, ak\u00e9 v\u00e1s jeho srdce Otca otvorilo. Ste srdcom spolo\u010dnosti. Ak je va\u0161e srdce sv\u00e4t\u00e9, bude sv\u00e4t\u00e1 aj spolo\u010dnos\u0165 bratov a&nbsp;sestier, inak&#8230;priepas\u0165.<br>M\u00e1ria&#8230;Nech je v\u017edy vo va\u0161ich o\u010diach jej \u010distota, jej nevinnos\u0165 vo va\u0161ich tv\u00e1rach, vo va\u0161om tele jej skromnos\u0165, vo va\u0161ej re\u010di jej pokora&#8230;<br>Ako boli apo\u0161toli pote\u0161en\u00ed M\u00e1riinou pr\u00edtomnos\u0165ou! Ako bol upokojuj\u00faci jej poh\u013ead, ak\u00fd \u010dist\u00fd jej \u00fasmev, ak\u00e9 sv\u00e4t\u00e9 jej slov\u00e1!<br>Ne\u017eiadali od M\u00e1rie, ako treba br\u00e1ni\u0165 vieru, ako organizova\u0165 rodiacu sa Cirkev, ako riadi\u0165 vysluhovanie sviatost\u00ed. \u017diadali od nej sv\u00e4tos\u0165&#8230;a svoj\u00edm pr\u00edkladom, pre nich v\u017edy viac zosob\u0148ovala nebo. M\u00e1riino srdce bolo v\u017edy bezpe\u010dn\u00e9, nepoznalo slabos\u0165, a&nbsp;preto boli sv\u00e4t\u00e9 aj srdcia jej bratov.<br>Dc\u00e9rky, my &#8211;&nbsp; v\u0161etky du\u0161e, Cirkev, k\u0148azi \u2013 nebudeme v\u00e1m viac v\u010fa\u010dn\u00ed, ako ke\u010f v\u00e1s budeme vidie\u0165 sv\u00e4t\u00fdmi a&nbsp;budeme vedie\u0165, \u017ee tak\u00e9 aj ste. Nebudeme od v\u00e1s chcie\u0165 in\u00e9: len nevinnos\u0165, to od v\u00e1s \u017eiadame. T\u00fa jasn\u00fa, \u010dist\u00fa l\u00e1sku, ktor\u00e1 pozn\u00e1 len nebo, ktor\u00e1 je odrazom Bo\u017eieho Srdca, ktor\u00e1 je M\u00e1riin\u00fdm \u00fasmevom: t\u00fa l\u00e1sku, ktor\u00e1 mus\u00ed stv\u00e1rni\u0165 va\u0161e bytie k&nbsp;podriadenosti, pokore, zdr\u017eanlivosti, jemnosti, k&nbsp;vrelej a&nbsp;hlbokej zbo\u017enosti, toto svet \u017eiada a&nbsp;v\u017edy bude \u017eiada\u0165 od \u017eeny, zvl\u00e1\u0161\u0165 od v\u00e1s, ktor\u00e9 ste zasv\u00e4ten\u00e9 tomuto poslaniu. V\u0161etky va\u0161e obety s\u00fa vz\u00e1cne, lebo pramenia z&nbsp;tejto l\u00e1sky, ktor\u00e1 je konkr\u00e9tnym vyjadren\u00edm Kristovej l\u00e1sky. A&nbsp;tak sa st\u00e1vate anjelmi, ktor\u00ed zost\u00fapili, aby posluhovali P\u00e1novi \/por. Mk 1,13\/. A&nbsp;od v\u00e1s my\u0161lienky a&nbsp;srdce vystupuj\u00fa v\u010fa\u010dn\u00e9 k&nbsp;Bohu. Ak v\u0161ak \u2013 nech to P\u00e1n nedopust\u00ed \u2013 zabudn\u00fac na tak\u00e9 ve\u013ek\u00e9 povolanie stali by ste sa nie pln\u00ed Boha, ale sam\u00fdch seba, nevy\u017earuj\u00fac nebesk\u00e9 svetlo, ale plamene \u013eudskej pr\u00e1zdnoty, v&nbsp;tom okamihu, pam\u00e4tajte, \u017ee sa stanete kame\u0148om \u00farazu&#8230;mo\u017eno aj pohromou pre bratov, s&nbsp;ktor\u00fdmi sa stretnete&#8230;<br>Nech v\u00e1s tieto slov\u00e1 ne\u013eakaj\u00fa. Pam\u00e4tajte, \u017ee ste slab\u00e9: vz\u00e1cna tekutina je uzavret\u00e1 v&nbsp;biednych n\u00e1dob\u00e1ch z&nbsp;hliny \/por. 2 Kor 4,7\/&#8230;Ale ak budete bohabojn\u00e9, pokorn\u00e9, rozv\u00e1\u017ene, Je\u017ei\u0161 v\u00e1m d\u00e1 v\u017edy milos\u0165 k&nbsp;tomu, aby ste boli pre va\u0161ich bratov svetlom z&nbsp;neba, \u00fasmevom z&nbsp;raja&#8230;<br>A&nbsp;tak modlite sa a&nbsp;pracujte, pracujte na tom, aby ste boli lep\u0161ie, aby ste najprv poznali a&nbsp;potom zni\u010dili v\u0161etko, \u010do by v\u00e1s, preb\u00fadzaj\u00fac vo v\u00e1s obraz Evin\u00fdch dc\u00e9r, robilo menej dc\u00e9rami Panny M\u00e1rie. Len takto m\u00f4\u017eem na v\u00e1s v\u017edy myslie\u0165 a&nbsp;ver\u00edm, \u017ee sa tak\u00fdmi budete sna\u017ei\u0165 by\u0165, na Bo\u017eiu sl\u00e1vu a&nbsp;k&nbsp;sv\u00e4tosti va\u0161ich bratov. A&nbsp;od n\u00e1s a&nbsp;od v\u0161etk\u00fdch budete po\u017eehnan\u00e9 medzi v\u0161etk\u00fdmi \u017eenami \/por.Lk 1,42\/<\/p>\n\n\n\n<p class=\"has-normal-font-size\">&nbsp;&nbsp;&nbsp;&nbsp;&nbsp;&nbsp;&nbsp;&nbsp;&nbsp;&nbsp;&nbsp;&nbsp;&nbsp;&nbsp;&nbsp;&nbsp;&nbsp;&nbsp;&nbsp;&nbsp;&nbsp;&nbsp;&nbsp;&nbsp;&nbsp;&nbsp;&nbsp;&nbsp;&nbsp;&nbsp;&nbsp;&nbsp;&nbsp;&nbsp;&nbsp;&nbsp;&nbsp;&nbsp;&nbsp;&nbsp;&nbsp;&nbsp;&nbsp;&nbsp;&nbsp;&nbsp;&nbsp;&nbsp;&nbsp;&nbsp;&nbsp;&nbsp;&nbsp;&nbsp;&nbsp;&nbsp;&nbsp;&nbsp;&nbsp;&nbsp;&nbsp;&nbsp;&nbsp;&nbsp; \/List \u010d.13, z&nbsp;knihy \u201eAndate, fate, non temete\u201c\/<\/p>\n","protected":false},"excerpt":{"rendered":"<p>In\u0161tit\u00fat \/3.12.1947\/ Prv, drah\u00e1 du\u0161a, ne\u017e tvoj poh\u013ead padne na pravidl\u00e1 obsiahnut\u00e9 v tejto kni\u017eo\u010dke \/jedn\u00e1 sa o kon\u0161tit\u00facie sekul\u00e1rneho in\u0161tit\u00fatu Karmelit\u00e1nsko-terezi\u00e1nskej \u00fanie\/, ktor\u00fa ti Cirkev odovzd\u00e1va a ktor\u00e1 sa m\u00e1 sta\u0165 z\u00e1konom tvojho \u017eivota, je dobr\u00e9, aby sa tvoje srdce stretlo so srdcom Karmelu, aby si po\u010d\u00favala jeho dych a pochopila jeho t\u00fa\u017eby.Vid\u00ed\u0161, dc\u00e9rka, [&hellip;]<\/p>\n","protected":false},"author":1,"featured_media":0,"parent":0,"menu_order":0,"comment_status":"closed","ping_status":"closed","template":"","meta":{"footnotes":""},"class_list":["post-1080","page","type-page","status-publish","hentry"],"_links":{"self":[{"href":"https:\/\/karmelitanskaunia.sk\/new\/wp-json\/wp\/v2\/pages\/1080","targetHints":{"allow":["GET"]}}],"collection":[{"href":"https:\/\/karmelitanskaunia.sk\/new\/wp-json\/wp\/v2\/pages"}],"about":[{"href":"https:\/\/karmelitanskaunia.sk\/new\/wp-json\/wp\/v2\/types\/page"}],"author":[{"embeddable":true,"href":"https:\/\/karmelitanskaunia.sk\/new\/wp-json\/wp\/v2\/users\/1"}],"replies":[{"embeddable":true,"href":"https:\/\/karmelitanskaunia.sk\/new\/wp-json\/wp\/v2\/comments?post=1080"}],"version-history":[{"count":1,"href":"https:\/\/karmelitanskaunia.sk\/new\/wp-json\/wp\/v2\/pages\/1080\/revisions"}],"predecessor-version":[{"id":1081,"href":"https:\/\/karmelitanskaunia.sk\/new\/wp-json\/wp\/v2\/pages\/1080\/revisions\/1081"}],"wp:attachment":[{"href":"https:\/\/karmelitanskaunia.sk\/new\/wp-json\/wp\/v2\/media?parent=1080"}],"curies":[{"name":"wp","href":"https:\/\/api.w.org\/{rel}","templated":true}]}}