{"id":1035,"date":"2021-04-26T11:23:31","date_gmt":"2021-04-26T09:23:31","guid":{"rendered":"http:\/\/karmelitanskaunia.sk\/new\/?page_id=1035"},"modified":"2021-05-26T09:56:43","modified_gmt":"2021-05-26T07:56:43","slug":"sv-terezia-z-avily-2","status":"publish","type":"page","link":"https:\/\/karmelitanskaunia.sk\/new\/sv-terezia-z-avily-2\/","title":{"rendered":"Sv. Ter\u00e9zia z Avily"},"content":{"rendered":"\n<div class=\"wp-block-media-text alignwide is-stacked-on-mobile is-image-fill\"><figure class=\"wp-block-media-text__media\" style=\"background-image:url(http:\/\/karmelitanskaunia.sk\/new\/wp-content\/uploads\/2021\/04\/sv.-Terezia-z-Avily-1.jpg);background-position:50% 50%\"><img loading=\"lazy\" decoding=\"async\" width=\"960\" height=\"720\" src=\"http:\/\/karmelitanskaunia.sk\/new\/wp-content\/uploads\/2021\/04\/sv.-Terezia-z-Avily-1.jpg\" alt=\"\" class=\"wp-image-1036 size-full\" srcset=\"https:\/\/karmelitanskaunia.sk\/new\/wp-content\/uploads\/2021\/04\/sv.-Terezia-z-Avily-1.jpg 960w, https:\/\/karmelitanskaunia.sk\/new\/wp-content\/uploads\/2021\/04\/sv.-Terezia-z-Avily-1-300x225.jpg 300w, https:\/\/karmelitanskaunia.sk\/new\/wp-content\/uploads\/2021\/04\/sv.-Terezia-z-Avily-1-768x576.jpg 768w\" sizes=\"auto, (max-width: 960px) 100vw, 960px\" \/><\/figure><div class=\"wp-block-media-text__content\">\n<p class=\"has-colibri-color-6-color has-text-color has-normal-font-size\">Karmelit\u00e1nsky r\u00e1d, ktor\u00e9ho vznik datujeme do 12.storo\u010dia, sa r\u00fdchle roz\u0161\u00edril do celej Eur\u00f3py. Po obdob\u00ed dekadencie po\u010das renesancie nabral nov\u00fd rozlet v 16.storo\u010d\u00ed so sv. Ter\u00e9ziou z Avily a sv. J\u00e1nom z Kr\u00ed\u017ea. Ter\u00e9zia d\u00e1va vznik \u00faplne kontemplat\u00edvnej forme \u017eenskej vetvy. Chce, aby sa jej sestry obetovali a modlili sa za svet, ktor\u00fd hor\u00ed, a aby podporovali mision\u00e1rov, ktor\u00ed bojuj\u00fa v prvej l\u00ednii. Onedlho vznik\u00e1 aj mu\u017esk\u00e1 vetva terezi\u00e1nskeho Karmelu, alebo \u201ebos\u00ed\u201c, ktor\u00ed sa st\u00e1vaj\u00fa apo\u0161tolmi a mision\u00e1rmi aj v najvzdialenej\u0161\u00edch \u010dastiach sveta. Obidve vetvy maj\u00fa jeden cie\u013e: h\u013eada\u0165 Boha v modlitbe a sved\u010di\u0165 o \u0148om v\u0161etk\u00fdm ako o Otcovi a priate\u013eovi. Sv.Ter\u00e9zia ich u\u010dila, \u017ee modlitba nie je ni\u010d in\u00e9 ako zotrv\u00e1vanie v pr\u00edtomnosti Boha, o ktorom vieme, \u017ee n\u00e1s miluje a chce len na\u0161e dobro.<br>Po\u010das mnoh\u00fdch rokov sa karmelit\u00e1nska rodina obohacuje o nov\u00e9 formy \u017eivota, ktor\u00e9 zdie\u013eaj\u00fa ten ist\u00fd ide\u00e1l. Nov\u00e9 rodiny mali pe\u010da\u0165 reho\u013en\u00e9ho \u017eivota, no vznikali aj sekul\u00e1rne in\u0161tit\u00faty. S nimi sch\u00e1dza kontempl\u00e1cia \u00faplne \u201ez hory\u201c, aby naplnila cesty \u013eud\u00ed a aby posv\u00e4tila spolo\u010dnos\u0165 zvn\u00fatra.<br>Karmelit\u00e1nsko-terezi\u00e1nska \u00fania je jednou z t\u00fdchto in\u0161tit\u00fatov.<\/p>\n<\/div><\/div>\n","protected":false},"excerpt":{"rendered":"<p>Karmelit\u00e1nsky r\u00e1d, ktor\u00e9ho vznik datujeme do 12.storo\u010dia, sa r\u00fdchle roz\u0161\u00edril do celej Eur\u00f3py. Po obdob\u00ed dekadencie po\u010das renesancie nabral nov\u00fd rozlet v 16.storo\u010d\u00ed so sv. Ter\u00e9ziou z Avily a sv. J\u00e1nom z Kr\u00ed\u017ea. Ter\u00e9zia d\u00e1va vznik \u00faplne kontemplat\u00edvnej forme \u017eenskej vetvy. Chce, aby sa jej sestry obetovali a modlili sa za svet, ktor\u00fd hor\u00ed, a [&hellip;]<\/p>\n","protected":false},"author":1,"featured_media":0,"parent":0,"menu_order":0,"comment_status":"closed","ping_status":"closed","template":"","meta":{"footnotes":""},"class_list":["post-1035","page","type-page","status-publish","hentry"],"_links":{"self":[{"href":"https:\/\/karmelitanskaunia.sk\/new\/wp-json\/wp\/v2\/pages\/1035","targetHints":{"allow":["GET"]}}],"collection":[{"href":"https:\/\/karmelitanskaunia.sk\/new\/wp-json\/wp\/v2\/pages"}],"about":[{"href":"https:\/\/karmelitanskaunia.sk\/new\/wp-json\/wp\/v2\/types\/page"}],"author":[{"embeddable":true,"href":"https:\/\/karmelitanskaunia.sk\/new\/wp-json\/wp\/v2\/users\/1"}],"replies":[{"embeddable":true,"href":"https:\/\/karmelitanskaunia.sk\/new\/wp-json\/wp\/v2\/comments?post=1035"}],"version-history":[{"count":2,"href":"https:\/\/karmelitanskaunia.sk\/new\/wp-json\/wp\/v2\/pages\/1035\/revisions"}],"predecessor-version":[{"id":1260,"href":"https:\/\/karmelitanskaunia.sk\/new\/wp-json\/wp\/v2\/pages\/1035\/revisions\/1260"}],"wp:attachment":[{"href":"https:\/\/karmelitanskaunia.sk\/new\/wp-json\/wp\/v2\/media?parent=1035"}],"curies":[{"name":"wp","href":"https:\/\/api.w.org\/{rel}","templated":true}]}}

Sv. Terézia z Avily

<div class="wp-block-media-text alignwide is-stacked-on-mobile is-image-fill"><figure class="wp-block-media-text__media" style="background-image:url(http://karmelitanskaunia.sk/new/wp-content/uploads/2021/04/sv.-Terezia-z-Avily-1.jpg);background-position:50% 50%"><img loading="lazy" decoding="async" width="960" height="720" src="http://karmelitanskaunia.sk/new/wp-content/uploads/2021/04/sv.-Terezia-z-Avily-1.jpg" alt="" class="wp-image-1036 size-full" srcset="https://karmelitanskaunia.sk/new/wp-content/uploads/2021/04/sv.-Terezia-z-Avily-1.jpg 960w, https://karmelitanskaunia.sk/new/wp-content/uploads/2021/04/sv.-Terezia-z-Avily-1-300x225.jpg 300w, https://karmelitanskaunia.sk/new/wp-content/uploads/2021/04/sv.-Terezia-z-Avily-1-768x576.jpg 768w" sizes="auto, (max-width: 960px) 100vw, 960px" /></figure><div class="wp-block-media-text__content">
<p class="has-colibri-color-6-color has-text-color has-normal-font-size">Karmelitánsky rád, ktorého vznik datujeme do 12.storočia, sa rýchle rozšíril do celej Európy. Po období dekadencie počas renesancie nabral nový rozlet v 16.storočí so sv. Teréziou z Avily a sv. Jánom z Kríža. Terézia dáva vznik úplne kontemplatívnej forme ženskej vetvy. Chce, aby sa jej sestry obetovali a modlili sa za svet, ktorý horí, a aby podporovali misionárov, ktorí bojujú v prvej línii. Onedlho vzniká aj mužská vetva tereziánskeho Karmelu, alebo „bosí“, ktorí sa stávajú apoštolmi a misionármi aj v najvzdialenejších častiach sveta. Obidve vetvy majú jeden cieľ: hľadať Boha v modlitbe a svedčiť o ňom všetkým ako o Otcovi a priateľovi. Sv.Terézia ich učila, že modlitba nie je nič iné ako zotrvávanie v prítomnosti Boha, o ktorom vieme, že nás miluje a chce len naše dobro.<br>Počas mnohých rokov sa karmelitánska rodina obohacuje o nové formy života, ktoré zdieľajú ten istý ideál. Nové rodiny mali pečať rehoľného života, no vznikali aj sekulárne inštitúty. S nimi schádza kontemplácia úplne „z hory“, aby naplnila cesty ľudí a aby posvätila spoločnosť zvnútra.<br>Karmelitánsko-tereziánska únia je jednou z týchto inštitútov.</p>
</div></div>

<p>Karmelitánsky rád, ktorého vznik datujeme do 12.storočia, sa rýchle rozšíril do celej Európy. Po období dekadencie počas renesancie nabral nový rozlet v 16.storočí so sv. Teréziou z Avily a sv. Jánom z Kríža. Terézia dáva vznik úplne kontemplatívnej forme ženskej vetvy. Chce, aby sa jej sestry obetovali a modlili sa za svet, ktorý horí, a [&hellip;]</p>
